) - 4/14). Calculate the greatest common divisor of o and 49.
49
Suppose -5*s - y + 23 = 0, 5*y + 11 = s - 4. What is the highest common factor of s and 10?
5
Let f be (-6)/15 + (-67)/(-5). Calculate the greatest common factor of 52 and f.
13
Let j(a) be the second derivative of -a**4/6 + a**3/2 + a**2 - 2*a. Let h be j(-2). Let n = -3 - h. What is the greatest common divisor of 18 and n?
9
Let o(q) = -q**2 + 36. Suppose -3*c + 0*c = 0. Let v be o(c). Let a = 37 - 19. Calculate the greatest common divisor of v and a.
18
Suppose 6*c - 1309 = -11*c. What is the greatest common factor of c and 7?
7
Let h be 2/(-4) + (-10)/4 + 16. Let z(u) = u**2 - 2*u + 2. Let j be z(-7). Calculate the highest common divisor of j and h.
13
Let y(u) = u**2 - u - 1. Let t(m) = 3. Let z(j) = t(j) + 3*y(j). Let d be z(4). Calculate the highest common factor of 24 and d.
12
Suppose 2*p - 3*p + 2*r + 2 = 0, 3*p + 5*r = 17. Let m(y) = y**2 - 7*y + 5. Let x be m(7). Suppose -i + x = p*i. What is the highest common factor of i and 1?
1
Let g = 157 + -137. What is the greatest common factor of g and 20?
20
Suppose 173 = n - 115. Suppose 0 = 3*o - 0*o - n. What is the greatest common divisor of o and 24?
24
Let a = 72 - 45. What is the greatest common divisor of a and 3?
3
Suppose -27 = 5*u - 132. Suppose -s = 10*s - 231. What is the greatest common divisor of u and s?
21
Suppose 5*y - c - 11 = 0, -2*c - 10 = -2*y - 2*y. Suppose 5*a - 1 = 9, -4*s + 56 = -y*a. Let k = 24 + 6. Calculate the highest common divisor of k and s.
15
Let h = 866 + -546. Suppose -2*y + 2*u + 332 = -0*y, -u + h = 2*y. Calculate the greatest common divisor of 18 and y.
18
Let b(l) = 2*l - 4. Let t be b(4). Suppose 4*c = d + t, 6*d = -5*c + 2*d + 5. Let h = 10 - c. What is the highest common factor of h and 6?
3
Let v be -64 - ((-9)/(-3) + -6). Let q = v + 101. Calculate the highest common factor of 10 and q.
10
Let r be 8/(-10)*35/(-2). Let c(s) = -s**3 - 3*s**2 + 10*s. Let q be c(-7). What is the highest common divisor of r and q?
14
Suppose 0*j = 5*j + 475. Let t be 2/4 - j/10. Calculate the highest common divisor of 30 and t.
10
Suppose -4*u = -5*o - 132, 3*u - 2*o - 104 = 3*o. What is the highest common divisor of u and 224?
28
Let h be 1 + 1 + -1 + 2. Suppose 4*p - 6*b + h*b = 13, -b - 7 = -2*p. Let r = p - -5. Calculate the greatest common divisor of r and 9.
9
Let b be 0/(1/(1/2)). Let x be 2/1 + b + 12. Let q be (-4)/((-8)/x)*2. What is the greatest common factor of 42 and q?
14
Let h = -5 + 1. Let p = 23 - h. Calculate the greatest common divisor of p and 18.
9
Let z = 82 + -158. Let g be (-3)/(-3*2/z). Let u = 58 + g. Calculate the highest common divisor of u and 100.
20
Suppose 0 = -5*v + 14 + 26. Suppose -2 = -w, -3*w = -t + 2*t + 54. Let i = 84 + t. Calculate the greatest common factor of i and v.
8
Let j = -9 - -14. Suppose 2*o + 4*d = 6, 4*o + j*d = 15 + 3. What is the greatest common divisor of o and 1?
1
Let h = 42 + -41. Let z(b) = 2*b**2 + b. Let q be z(-1). What is the greatest common factor of q and h?
1
Let g(x) = 4*x**2 - 3. Let m be g(2). Calculate the greatest common factor of m and 143.
13
Suppose 27 = j - 61. Let d(u) = u**2 + 11*u + 16. Let o be d(-11). Let c = 27 - o. Calculate the greatest common divisor of c and j.
11
Suppose 382 = 17*t - 43. What is the highest common factor of 15 and t?
5
Suppose -z = z + 32. Let v be (z/3 + 0)*-3. What is the greatest common factor of v and 8?
8
Let t = -350 - -590. Calculate the greatest common divisor of t and 30.
30
Let r be 64/6 + 1/3. Suppose 3*n - 44 = n. Calculate the highest common divisor of r and n.
11
Let m(x) = x**2 - 1. Let d be m(2). Suppose 7 = q + 1. Calculate the greatest common divisor of q and d.
3
Let m = 35 + -17. What is the highest common divisor of m and 12?
6
Suppose 2*d + 3*d - 15 = 0. Suppose -36 = -d*t + 45. Let f be (3/2)/((-3)/(-6)). What is the greatest common divisor of f and t?
3
Let b be (4 - 1)*(9 + -8). Suppose 2*x + 77 = b*x. What is the highest common factor of x and 11?
11
Let x be 71/5 - (-1)/(-5). Let c = 2 + x. What is the highest common factor of c and 2?
2
Let r be -18 - (3 - 0) - 0. Let o = 39 - r. What is the highest common factor of 24 and o?
12
Let y be (-52)/(-3) - (-8)/(-24). Suppose 5*m + y = 77. What is the greatest common divisor of 2 and m?
2
Let c = 91 + -75. What is the greatest common divisor of 28 and c?
4
Let s(u) = -2*u - 20. Let w be s(-24). Calculate the greatest common factor of w and 7.
7
Let n = 8 + 1. Suppose 0 = -0*y + 3*y + 159. Let h = y - -152. Calculate the greatest common divisor of n and h.
9
Let v = 35 + -24. What is the highest common divisor of v and 77?
11
Let o be (-242)/(-14) + -5 + (-33)/(-7). Calculate the greatest common factor of 119 and o.
17
Let y be 1 - (1 + -8 + 3). Suppose -4*g - 9 = -g, -g + 22 = 5*i. Calculate the greatest common divisor of i and y.
5
Suppose -7 = 5*c + 3, -2*g = 5*c + 12. Let k be (-4 - g)*-22 - 0. Suppose -4*x + 194 = -k. What is the highest common divisor of 26 and x?
13
Suppose 63 = -4*y + 215. Calculate the highest common factor of y and 342.
38
Suppose -2*y = -0*y - 10. Let k(a) = -a + 2*a**2 - 2*a + 3 + 2. Let z be k(y). Calculate the highest common divisor of 10 and z.
10
Let j(i) = -2*i + 1. Let r be j(-3). Suppose -4*x - 42 + 126 = 0. Calculate the highest common factor of r and x.
7
Suppose 7 = -3*u + 58. Calculate the highest common factor of 85 and u.
17
Let g = 115 - 59. Calculate the greatest common factor of 14 and g.
14
Let j(k) = 112*k + 112. Let w(b) = -7*b - 7. Let u(a) = 3*j(a) + 49*w(a). Let h be u(-13). What is the greatest common divisor of 12 and h?
12
Suppose p = -128 - 1. Let s be (-2)/(-8) - p/12. Let m = 229 - 130. Calculate the greatest common factor of m and s.
11
Let t(f) = -6*f. Let i be t(-4). Calculate the greatest common factor of i and 192.
24
Suppose -20*f = -24*f + 280. What is the highest common factor of f and 28?
14
Suppose 0 = 2*a - a - 4. Suppose 3*o = a*o - 80. Let d = -25 - -41. Calculate the greatest common divisor of d and o.
16
Let f = 218 - 98. What is the greatest common factor of f and 8?
8
Let h(z) = -29*z**3 - z**2 - 6*z - 4. Let o be h(-1). What is the highest common factor of o and 105?
15
Suppose 0 = -11*g + 3*g + 2312. What is the greatest common factor of g and 17?
17
Let x = -12 + 15. Suppose q - 3*o = -3*q + 94, -x*q - 4*o + 58 = 0. Calculate the greatest common factor of 33 and q.
11
Let i(w) = -2*w**2 - 9*w. Let s be i(-4). Suppose -s*t + 4*k + 460 = 0, 0 = -5*t - 2*k - 0*k + 589. Calculate the greatest common factor of t and 13.
13
Suppose 2*t = 2*b - 10, 3*b - 26 = -5*t + 5. What is the highest common factor of b and 1?
1
Let w = -44 - -86. Let z(p) = p**2 - 10*p + 11. Let n be z(8). Let f = 11 + n. Calculate the highest common divisor of f and w.
6
Suppose -9 = -2*u + h, 5*u + 3*h - 13 = 15. Calculate the greatest common divisor of 5 and u.
5
Let g be (-1 - 0) + 9*1. Let s(u) be the second derivative of u**3 - 11*u**2 - 6*u. Let x be s(13). What is the greatest common factor of x and g?
8
Suppose 3*x - 121 = k, -x - 81 = -3*x + k. What is the greatest common divisor of 16 and x?
8
Let h be 3/(-12) + (-561)/(-4). Suppose -3*l - h = -5*l. Calculate the greatest common factor of l and 7.
7
Let a = 13 - -6. Let h(r) = -6*r + 1. Let q be h(-3). What is the highest common factor of q and a?
19
Let i(q) = -6*q + 3. Let s = -2 + -5. Let h be i(s). Let b(v) = 10*v**2 - 1. Let g be b(-1). Calculate the highest common factor of h and g.
9
Let q(y) = -3*y**3 + 3*y + 1. Let w be q(-2). Let g(u) = -u**3 + 11*u**2 + 17. Let d be g(8). What is the greatest common factor of d and w?
19
Let v(r) = -2*r + 6. Let a be v(8). Let y be (-1)/(-3) + a/(-15). Let u be 67 + -2 + (2 - y). What is the greatest common divisor of u and 22?
22
Let q = 19 + -15. Suppose -4*r + 5*r - 40 = 0. What is the highest common factor of r and q?
4
Let j(x) = 14*x. Let a be j(2). Suppose 0 = 3*b - b - 2. Suppose 4*f = 15 + b. What is the greatest common divisor of f and a?
4
Suppose j + 3*j - 33 = -5*x, -3*x = 3*j - 21. Let l(v) = -4*v - 30. Let p be l(-9). Calculate the highest common factor of j and p.
2
Let o(q) = q**2 + 6*q + 1. Let z be o(-11). What is the greatest common factor of z and 14?
14
Let